6
Let p(h) = -h**3 + 13*h**2 - 4*h + 43. Determine p(13).
-9
Let w(o) = o**3 - 2*o**2 - 14*o - 8. Give w(5).
-3
Let q(f) = 7*f - 155. What is q(25)?
20
Let f(v) = -3*v + 7. What is f(4)?
-5
Let r(m) = 3*m**2 - 8*m - 6. Give r(6).
54
Let l(k) = -k**3 - k**2 + 3*k - 4. Give l(-3).
5
Let g(r) = -6*r**2 - 28*r - 15. Give g(-4).
1
Let c(b) = -8*b - 11. What is c(-4)?
21
Let h(q) = -2*q**3 + 13*q**2 + 3*q - 51. Give h(6).
3
Let n(k) = -k**2 + 9*k - 21. Calculate n(0).
-21
Let b(k) = -81*k - 566. Determine b(-7).
1
Let z(f) = -7*f**2 + f - 1. Calculate z(-3).
-67
Let f(v) = -v**3 - 2*v**2 + v + 8. What is f(-5)?
78
Let h(g) = g**3 - 7*g**2 + 3*g - 1. Give h(6).
-19
Let h(j) = 2*j**2 - 46*j + 48. What is h(22)?
4
Let k(v) = -v**3 + 11*v**2 - 8*v - 14. Calculate k(10).
6
Let d(p) = p**2 + 7*p - 5. Determine d(-7).
-5
Let a(r) = -r**2 + 16*r - 25. Calculate a(14).
3
Let q(n) = 5*n - 163. Determine q(31).
-8
Let x(p) = 8*p**2 + 2*p - 1. What is x(1)?
9
Let q(j) = -j**2 + 14*j. What is q(11)?
33
Let w(s) = -s**3 - 5*s**2 + 5*s + 21. What is w(-5)?
-4
Let v(d) = -13*d - 14. Determine v(-2).
12
Let v(i) = i**3 - i**2 + 2*i + 5. What is v(0)?
5
Let f(z) = -z**3 - z**2 + z + 47. Give f(0).
47
Let y(s) = 3*s**3 + 20*s**2 - s + 36. What is y(-7)?
-6
Let x(y) = -y**3 - 4*y**2 + 24*y + 73. What is x(-6)?
1
Let q(z) = z**3 + 4*z**2 - 3*z. Calculate q(-5).
-10
Let s(t) = 13*t**2 + t - 1. Give s(1).
13
Let w(u) = -u**2 + 6*u + 1. What is w(4)?
9
Let w(h) = 7*h**2 - 8*h + 5. Give w(1).
4
Let o(f) = 16*f**3 - f**2 + 2. Calculate o(1).
17
Let y(q) = q**3 - 28*q**2 + 30*q - 5. Calculate y(27).
76
Let n(o) = -o**3 + 8*o**2 + 3*o - 20. What is n(8)?
4
Let s(d) = -6*d**2 - 2*d - 1. Give s(-1).
-5
Let i(d) = -d**2 - 2*d - 4. Calculate i(-5).
-19
Let h(u) = -u**3 + 6*u**2 + 4*u - 16. Give h(6).
8
Let q(v) = 57*v + 12. Determine q(-1).
-45
Let p(o) = -3*o + 13. Determine p(3).
4
Let v(d) = d + 4. Determine v(-9).
-5
Let b(a) = a**3 + 8*a**2 + 6. Determine b(-8).
6
Let b(c) = -c**3 - 5*c**2 - 2*c. What is b(-2)?
-8
Let j(a) = -11*a - 16. Calculate j(-2).
6
Let c(q) = 4*q + 35. Determine c(21).
119
Let o(c) = -3*c**2 - 25*c + 5. What is o(-8)?
13
Let k(u) = u**3 + 53*u**2 - 110*u + 3. Determine k(-55).
3
Let s(f) = -22*f**2 - 10*f - 1. What is s(3)?
-229
Let p(y) = y**3 + 3*y**2 - 12*y - 3. What is p(-5)?
7
Let g(d) = -d**3 + 29*d**2 + 28*d + 74. What is g(30)?
14
Let p(d) = d**3 - 6*d**2 - 7*d. Determine p(7).
0
Let v(m) = -4*m**2 - 13*m - 29. Give v(-3).
-26
Let t(u) = 6*u + 57. Determine t(-9).
3
Let v(h) = -21*h + 60. Calculate v(3).
-3
Let v(l) = 2*l**2 - l + 1. Give v(2).
7
Let r(o) = -3*o + 15. Calculate r(9).
-12
Let w(g) = -g**3 + 10*g**2 + 25*g - 153. Give w(11).
1
Let s(d) = 3*d - 75. Calculate s(21).
-12
Let y(s) = -s**3 - s**2 - s - 1. Determine y(2).
-15
Let y(c) = c + 2. Calculate y(-10).
-8
Let n(z) = -z**2 + 2*z + 258. What is n(17)?
3
Let u(h) = -h**3 + 2*h - 51. Calculate u(0).
-51
Let f(k) = k**2 - 12*k + 14. Give f(11).
3
Let z(v) = 6*v + 7. Give z(-2).
-5
Let k(d) = -3*d - 9. Determine k(-7).
12
Let o(x) = 18*x**2 - 3*x - 1. Calculate o(-2).
77
Let a(m) = m**3 - 2*m**2 - 6*m + 19. Calculate a(4).
27
Let m(q) = q**3 + 26*q**2 + 71*q - 3. Give m(-23).
-49
Let k(l) = 27*l**2. Give k(-1).
27
Let w(j) = -3*j**2 - 8*j - 68. What is w(-5)?
-103
Let g(q) = -2*q + 55. Calculate g(26).
3
Let f(v) = -v**3 + 20*v**2 + v - 21. Give f(20).
-1
Let x(z) = z**3 + z**2 + z - 41. Calculate x(0).
-41
Let r(g) = -20*g + 66. What is r(3)?
6
Let x(n) = 3*n - 14. Give x(8).
10
Let q(k) = -k**3 - 9*k**2 - 26*k - 52. Determine q(-5).
-22
Let a(f) = -f**2 - 6*f - 6. Determine a(-3).
3
Let k(f) = f - 11. Determine k(-10).
-21
Let r(p) = p**2 - 12*p + 26. Determine r(8).
-6
Let g(r) = -r**3 - 8*r**2 + 13. Calculate g(-6).
-59
Let r(f) = 3*f**2 - 3*f - 35. Determine r(0).
-35
Let i(c) = c**3 + 2*c**2 - 9*c + 18. What is i(-6)?
-72
Let c(l) = 18*l + 50. Give c(-3).
-4
Let q(x) = 13*x + 56. Give q(-5).
-9
Let r(m) = m**2 - m - 1. Calculate r(3).
5
Let c(x) = -x + 13. Calculate c(31).
-18
Let n(d) = -d**3 - 11*d**2 + 10*d - 11. Determine n(-12).
13
Let u(w) = -3*w - 6. Determine u(3).
-15
Let h(y) = y**3 - 2*y**2 + 3*y - 2. Calculate h(2).
4
Let f(g) = -g**2 + 12*g - 7. Calculate f(10).
13
Let c(r) = 14*r - 3. Determine c(-2).
-31
Let i(d) = 27*d - 160. Calculate i(6).
2
Let t(b) = b**3 + 19*b**2 - 18*b + 33. What is t(-20)?
-7
Let a(r) = -3*r + 7. Give a(8).
-17
Let u(b) = -10*b. What is u(2)?
-20
Let h(o) = 8*o**2 - 3*o. Calculate h(2).
26
Let d(p) = p**3 + 6*p**2 + 8*p + 4. Determine d(-4).
4
Let u(z) = -z**2 - 7*z + 10. Determine u(-7).
10
Let z(h) = -6*h - 6. What is z(-1)?
0
Let o(y) = -4*y**2 + 4*y - 5. Give o(1).
-5
Let p(u) = -u**2 + 10*u + 7. Give p(5).
32
Let j(z) = -z**2 + 5*z + 31. What is j(8)?
7
Let d(u) = -u**3 - 5*u**2 + 12*u - 17. Calculate d(-7).
-3
Let t(r) = 6*r - 21. What is t(10)?
39
Let u(j) = -3*j - 35. Determine u(0).
-35
Let x(f) = f**3 - 7*f**2 - 9*f - 11. Give x(8).
-19
Let z(s) = -s - 7. What is z(23)?
-30
Let a(m) = -2*m**3 + 12*m**2 + 28*m - 5. What is a(8)?
-37
Let f(v) = -v**3 - 24*v**2 - 27*v - 84. Give f(-23).
8
Let x(t) = -4*t - 15. What is x(-5)?
5
Let r(o) = -2*o**3 + o**2 - 3*o + 3. Determine r(1).
-1
Let r(t) = 5*t**3 - 5*t**2 + 3*t - 2. Determine r(3).
97
Let x(t) = -t**2 - 5*t + 1. Give x(-2).
7
Let j(a) = a**3 + 2*a + 95. Calculate j(0).
95
Let g(n) = 75*n**2 + 9*n + 9. What is g(-1)?
75
Let d(g) = 3*g**2 + 6*g + 1. Calculate d(-4).
25
Let i(q) = q**3 - 12*q**2 + 26*q - 10. What is i(10)?
50
Let z(l) = -l**3 - 8*l**2 - 7*l - 3. What is z(-6)?
-33
Let a(i) = 11*i**3 - 38*i + 38. What is a(1)?
11
Let k(d) = -2*d**2 + 7*d - 5. Give k(3).
-2
Let b(t) = -4*t - 36. Give b(-6).
-12
Let m(f) = -f**3 - 9*f**2 - 1. What is m(-9)?
-1
Let x(u) = 3*u - 22. Determine x(12).
14
Let i(h) = -52*h**3 + 2*h**2 - h - 2. Give i(-1).
53
Let q(n) = -7*n**2 - 2. Determine q(2).
-30
Let f(u) = 3*u**2 - 12*u + 1. Give f(4).
1
Let r(t) = -7*t - 18. Determine r(-6).
24
Let t(g) = -g**3 + 2*g**2 - 4*g + 9. Determine t(4).
-39
Let d(c) = -c**3 + 4*c**2 - 25*c + 90. Give d(4).
-10
Let x(z) = z**3 - z + 110. Give x(0).
110
Let x(s) = -6*s - 113. What is x(-18)?
-5
Let l(t) = 5*t + 4. Give l(0).
4
Let m(u) = u**2 - 12*u - 26. Give m(14).
2
Let q(d) = -d**3 + d**2 + 2*d + 4. Give q(3).
-8
Let p(f) = -f**3 - 11*f**2 + 29*f + 3. Give p(-13).
-36
Let j(u) = -u**3 - 3*u**2 + 2*u + 5. Determine j(-4).
13
Let l(b) = 2*b**2 - 22*b - 24. What is l(12)?
0
Let o(k) = k**2 + 40*k + 44. Give o(-39).
5
Let f(v) = v**3 + 7*v**2 + 2*v + 22. Determine f(-7).
8
Let o(u) = 2*u - 16. Calculate o(5).
-6
Let f(c) = 3*c**2 + 4*c - 3. Determine f(1).
4
Let k(j) = 4*j + 10. Determine k(-8).
-22
Let d(v) = -v**2 - v. Calculate d(4).
-20
Let t(s) = s**2 + 5*s. Give t(-4).
-4
Let a(d) = -2*d**2 + 3*d - 3. Determine a(1).
-2
Let b(k) = -12*k. Calculate b(2).
-24
Let z(c) = -24*c + 43. Determine z(3).
-29
Let w(k) = 10*k**2 + 2*k - 6. Determine w(0).
-6
Let s(p) = p**3 - 12*p**2 + 11*p + 1. Give s(11).
1
Let w(t) = 2*t**3 + 10*t**2 + t + 10. Determine w(-5).
5
Let l(w) = -w**3 + 3*w**2 - w + 3. What is l(5)?
-52
Let s(b) = b**3 - 6*b**2 + b + 6. Determine s(5).
-14
Let t(v) = v**2 - 6*v - 7. What is t(-8)?
105
Let v(r) = 6*r + 6. Give v(-4).
-18
Let h(x) = x**3 - 32*x**2 - 31*x - 49. What is h(33)?
17
Let s(j) = -j**2 + 16*j + 27. Determine s(14).
55
Let y(w) = -w**3 + 5*w**2 - 2*w - 3. Give y(3).
9
Let p(t) = 5*t - 31. Give p(16).
49
Let i(d) = d - 8. Determine i(7).
-1
Let c(y) = -5*y + 23. Give c(7).
-12
Let j(w) = -w**3 - 8*w**2 - 3*w + 10. Determine j(-7).
-18
Let z(i) = -6*i + 27. Give z(6).
-9
Let w(n) = 2*n**3 + 3*n**2 + n - 1. What is w(-2)?
-7
Let h(a) = a**3 - 6*a**2 + 14. Determine h(3).
-13
Let t(q) = 3*q + 9. Determine t(-2).
3
Let q(t) = t**2 + 5*t - 4. Calculate q(-7).
10
Let x(g) = -g**2 - 9*g - 3. Determine x(-7).
11
Let w(m) = -2*m + 11. What is w(11)?
-11
Let t(j) = -6*j + 1. Give t(1).
-5
Let q(z) = 8*z**2 - 4*z - 4. Determine q(2).
20
Let v(i) = i**3 - 7*i**2 + 2*i - 3. Calculate v(7).
11
Let b(q) = -10*q**2 + 52*q - 4. Calculate b(5).
6
Let j(d) = -3*d**3 - 32*d**2 + 13*d + 17. Calculate j(-11).
-5
Let k(g) = 2*g**2 + g - 2. Determine k(1).
1
Let m(b) = 3*b**2 + b + 18. What is m